 Let f = p - 82. List the prime factors of f.
3, 19
Let f(a) be the second derivative of -a**3/6 + 7*a**2/2 + 2*a. Let o be f(7). Let b(g) = g**2 + 16. List the prime factors of b(o).
2
What are the prime factors of ((-8379)/(-147))/(6/76)?
2, 19
Let s = 90 + 27. Suppose -s = -2*c + 81. List the prime factors of c.
3, 11
What are the prime factors of -6 + (-10566)/(-30)*5?
3, 5, 13
Suppose -4*o + 3*c = -40, -o - o - 6 = 5*c. Suppose 2*m + 39 = 5*s, 2*m + 25 + o = 4*s. Let g(x) = 2*x**2 - 8*x - 15. What are the prime factors of g(s)?
3
Let r(c) = c**3 + 21*c**2 + 18*c - 29. What are the prime factors of r(-19)?
3, 13
Let g = 619 + -364. What are the prime factors of g?
3, 5, 17
Suppose -11*u + 16*u + 85 = 0. Let d = 55 - u. What are the prime factors of d?
2, 3
Let j be 10*(196/4 - -3). Suppose 5*q + 3*u = q + j, 0 = 4*q - u - 520. List the prime factors of q.
2, 5, 13
Suppose -22*y + 24106 = -17474. List the prime factors of y.
2, 3, 5, 7
List the prime factors of ((-74928)/140)/(3/(-10)).
2, 223
Let r(z) = -51*z - 12. Let s(t) = t**2 - 7*t + 9. Let x be s(4). What are the prime factors of r(x)?
3, 47
Let p(b) be the second derivative of b**5/4 - b**4/12 - b**3/3 - 3*b**2 + 2*b. Let y be p(3). Let x = y - 75. What are the prime factors of x?
3, 13
List the prime factors of 6/(-69)*-4438 - 48/(-552).
2, 193
Let a(z) = -z**3 - 8*z**2 - 8*z - 18. Let k = -72 - -63. What are the prime factors of a(k)?
3, 5
Suppose -4*t = 3*f, -t + 3*f - f = 0. Suppose -6*n + 640 + 128 = t. List the prime factors of n.
2
Let j(d) = -d**3 + 13*d**2 + 14*d - 3. Let f be -7 + 8 + 1*13. Let c be j(f). Let r = c + 30. List the prime factors of r.
3
Let d(c) be the first derivative of -c**4/12 + 5*c**3/3 + 4*c**2 - 7*c - 5. Let r(h) be the first derivative of d(h). What are the prime factors of r(8)?
2, 3
Let d(g) = -13*g - 3 + 4*g + 8*g. Let j be d(3). What are the prime factors of (-104)/j + 6/(-18)?
17
Let z(a) = 10*a - 2. Let f(v) = -v**2 + 6*v - 5. Let u be f(4). Let l be z(u). List the prime factors of 371/l - (-1)/(-4).
13
Let j(n) = -4*n + 50. Let x be j(-8). Let y = 26 + x. List the prime factors of y.
2, 3
Let v = 981 + 1957. List the prime factors of v.
2, 13, 113
Suppose 17*l - 9*l = 4176. List the prime factors of l.
2, 3, 29
Let j be ((-6)/5)/((-6)/195). Let f = j + -34. Suppose 2*a = -4*x + f*a + 142, 3*x - 4*a = 110. What are the prime factors of x?
2, 17
Let z(q) = q**2 - 11*q - 37. Let b be z(-11). Suppose -251 = -12*g + b. List the prime factors of g.
2, 19
Let q(n) = 5*n + 140. Let i(u) = -u - 28. Let o(t) = -11*i(t) - 2*q(t). List the prime factors of o(10).
2, 19
Suppose 2*s = 5*s. Suppose -3*k + s = 6. Let f(p) = 3*p**2 + 5*p + 5. What are the prime factors of f(k)?
7
Let s(y) = -8*y - 16. Let q be s(-2). Suppose q*w = 7*w - 1470. What are the prime factors of w?
2, 3, 5, 7
Suppose a + 5*c - 159 = 112, -2*a + 4*c + 528 = 0. List the prime factors of a.
2, 7, 19
Let r = -1105 - -2269. What are the prime factors of (-2)/(-4) + r/24?
7
Let f(d) = 26*d**2 - 19*d - 2. What are the prime factors of f(-6)?
2, 131
Let y(c) = -48*c + 113. What are the prime factors of y(-5)?
353
Let j(r) = -r**2 - 2*r. Let o be j(-2). Suppose o = 2*h + w - 8, -5*h = -3*w + 2*w - 6. Suppose 2*c = -h*c + 68. List the prime factors of c.
17
Let g = -29 - -55. Let o be g + (6 - (2 - 0)). Suppose o = i - 42. What are the prime factors of i?
2, 3
Suppose -10 = -5*a, 4*d - 36 = -5*a - 6. Suppose -g - 73 = d*p - 445, 2*p = -3*g + 154. What are the prime factors of p?
2, 37
Let o be (0 - -72)*8/3. Let q(h) = h**2 - 10*h + 20. Let w be q(8). Suppose 45 = j + w*d, d + o = 5*j + 72. What are the prime factors of j?
5
Let b(s) = -s + 2. Let d be b(-5). Suppose -4*g = -d*g + 465. List the prime factors of g.
5, 31
Suppose p + 4*b + 58 = 0, 2*b - b = 5*p + 332. Let x = 108 + p. What are the prime factors of x?
2, 3, 7
Suppose -m - 3*m + 3*h = -318, -6*h + 378 = 5*m. List the prime factors of m.
2, 3, 13
Let i be (0 - 1)*1 - 21/(-7). Suppose -3*a - i*a + 557 = 3*f, -5*f + 3*a = -985. List the prime factors of f.
2, 97
Let t(b) = b + 5. Let p be t(0). Let g be 10/3 + p/(-15). Suppose 0 = 2*l - g*r - 14 - 29, 0 = -l + 4*r + 24. What are the prime factors of l?
2, 5
Let x(c) = -5*c + 724. What are the prime factors of x(49)?
479
Let z(s) = 6*s - 1. Let j be z(1). Suppose 6 = 3*t + 2*q + 3*q, 10 = j*t + 3*q. Suppose -2*x - t = -42. List the prime factors of x.
2, 5
Suppose -3*h + 4498 + 3473 = 0. What are the prime factors of h?
2657
Suppose 0 = -19*r - 202 + 1475. Suppose -3*k - 4*z - 30 = 70, 5*k = -2*z - 176. Let f = k + r. List the prime factors of f.
31
Let j(s) = s**3 + 6*s**2 + 2. Let v be j(-6). Suppose -v*h = -n - 147, 0 = 3*h + 2*n + 2*n - 215. What are the prime factors of h?
73
List the prime factors of 2338/3*(-8 - (-152)/16).
7, 167
Suppose 6*m + 294 = -6. Let o = 103 + m. What are the prime factors of o?
53
Let o be ((-198)/(-5))/3*240/18. Let n = -66 + o. What are the prime factors of n?
2, 5, 11
Let n(j) = -28*j + 23. Let k(q) = -9*q + 8. Let a(z) = -7*k(z) + 2*n(z). What are the prime factors of a(7)?
3, 13
What are the prime factors of 48/(-10)*(-1 + -33 + -6)?
2, 3
Let h(d) be the second derivative of d**4/6 - 5*d**3/2 - 4*d**2 - 11*d. What are the prime factors of h(11)?
3, 23
Suppose 0 = -3*b + 2*p + 2956, 4*p = 5*b - 1775 - 3153. List the prime factors of b.
2, 3, 41
Suppose -8 = -g + 2*v, g - 12 - 10 = -5*v. Suppose 0 = g*z - 0*z - 1416. What are the prime factors of z?
2, 59
Let y(z) = -z. Let q(f) = f + 12. Let m(w) = -q(w) + 4*y(w). What are the prime factors of m(-10)?
2, 19
Suppose c = 6*c - 25. Suppose c*t = 1 + 19. What are the prime factors of t?
2
Suppose 0 = -75*x + 2466 - 291. What are the prime factors of x?
29
What are the prime factors of 32/(-6)*4242/(-56)?
2, 101
Let s(f) = 8*f**2 - 2*f - 8. Let y be s(4). Suppose -34 = -2*q - 3*x + y, 5*x = -2*q + 154. List the prime factors of q.
67
Let q = -199 + 232. What are the prime factors of q?
3, 11
Let g(z) = 52*z - 33. List the prime factors of g(15).
3, 83
Suppose 0 = 5*l - 2*l - 84. Let a = 30 - l. Suppose -2*s + 69 = z, 0 = -5*z + a*s + 3*s + 405. List the prime factors of z.
7, 11
Let b = 1431 + 773. List the prime factors of b.
2, 19, 29
Let d(y) = -y**3 + 7*y**2 - 8*y - 6. Let n be d(5). Suppose -5*r - n*i = -18, 5*r - 28 = -5*i - 8. Suppose -2*h = r*h - 156. List the prime factors of h.
3, 13
Let h(l) = 2. Let y(s) = s. Let m(b) = -h(b) - 2*y(b). Let a be m(-3). Suppose -86 = -a*w + 10. List the prime factors of w.
2, 3
Let b(p) = -p**2 - 23*p - 62. Let v be b(-19). Suppose v*u = 11*u + 879. List the prime factors of u.
293
What are the prime factors of (-3)/36*6*1*-2034?
3, 113
Suppose -a - 2*c = -5*a + 1420, 3*a + c - 1075 = 0. Suppose 5*z = -2*o + 429, -a = 3*z - 7*z + 3*o. List the prime factors of z.
3, 29
Let q be ((-6)/(-84) + (-8)/14)*-58. Suppose -3*a + 4*j = 68, 89 = -5*a + a + 5*j. Let h = q - a. List the prime factors of h.
3, 5
Suppose 2*m + 5*v - 240 = -0*v, 3*m - 5*v - 310 = 0. Suppose 45 = d - m. List the prime factors of d.
5, 31
Let t(k) = -3*k**2 + 3*k - 5. Let x be t(4). Let s = x + 75. What are the prime factors of s?
2, 17
Let m be (2*8/5)/((-2)/(-10)). Suppose -2*o - m = 5*u - 359, -o = -4. What are the prime factors of u?
67
Suppose 2*b = -5*f + 4792, 3*b = -5*f + 6*b + 4787. List the prime factors of f.
2, 479
What are the prime factors of 431 - 1 - (29 - 29)?
2, 5, 43
Suppose -121*t - 16376 = -124*t + u, -5*u - 25 = 0. List the prime factors of t.
3, 17, 107
Let h be 2 + 1 + 21/7. Suppose h = 2*o, -4*o = 5*d - 2*o - 416. Suppose 0 = 3*v + 3*f - 53 - 100, -d = -2*v + 2*f. List the prime factors of v.
2, 23
Suppose 3*h = -13 + 40. Suppose -2*l + 54 = 22. Let a = l - h. What are the prime factors of a?
7
Let c(p) = -11*p**2 - 16*p - 24. Let j be c(-10). Suppose 0 = -5*w + w - 8. List the prime factors of w/15 - j/30.
2
Let x = -592 + 878. List the prime factors of x.
2, 11, 13
Suppose -3*t = -n - 504, 2*n = -3*t - 2*n + 519. List the prime factors of t.
13
Let k = -71 - -79. What are the prime factors of (((-160)/15)/k)/(3/(-315))?
2, 5, 7
Suppose -3*y + m = -3*m - 1129, 0 = 3*y - 5*m - 1127. List the prime factors of y.
379
Let x be (-6)/12 - (0 + (-3)/2). What are the prim